88.
2398
What is the remainder when 1097443 is divided by 1096591?
852
Calculate the remainder when 1744736 is divided by 2010.
56
Calculate the remainder when 1252226 is divided by 74.
72
Calculate the remainder when 761692 is divided by 42.
22
What is the remainder when 10179724 is divided by 3393238?
10
Calculate the remainder when 3109670 is divided by 1036549.
23
What is the remainder when 20636118 is divided by 6878648?
174
Calculate the remainder when 47952758 is divided by 23976374.
10
Calculate the remainder when 10194669 is divided by 978.
975
What is the remainder when 144611848 is divided by 5588?
5584
Calculate the remainder when 74203 is divided by 24148.
1759
What is the remainder when 91984678 is divided by 40?
38
What is the remainder when 57684 is divided by 63?
39
What is the remainder when 556990 is divided by 46415?
10
What is the remainder when 449105 is divided by 657?
374
What is the remainder when 17242163 is divided by 17?
15
Calculate the remainder when 33057 is divided by 10977.
126
What is the remainder when 658166 is divided by 328779?
608
Calculate the remainder when 54849 is divided by 54003.
846
What is the remainder when 764882 is divided by 103?
4
What is the remainder when 19312364 is divided by 689727?
8
Calculate the remainder when 2775161 is divided by 555026.
31
What is the remainder when 227874 is divided by 31?
24
Calculate the remainder when 7990296 is divided by 7.
6
What is the remainder when 15054756 is divided by 55?
46
What is the remainder when 17949482 is divided by 522?
512
Calculate the remainder when 174509226 is divided by 434.
430
Calculate the remainder when 1725061 is divided by 34501.
11
What is the remainder when 74094 is divided by 313?
226
Calculate the remainder when 1421067 is divided by 47354.
447
What is the remainder when 1608579 is divided by 4732?
4431
What is the remainder when 69684502 is divided by 185?
182
Calculate the remainder when 3608378 is divided by 150.
128
Calculate the remainder when 54261 is divided by 1028.
805
What is the remainder when 43723 is divided by 10505?
1703
Calculate the remainder when 17540782 is divided by 923198.
20
Calculate the remainder when 11888611 is divided by 1776.
67
Calculate the remainder when 189751 is divided by 3111.
3091
Calculate the remainder when 1807926 is divided by 62.
6
What is the remainder when 14440 is divided by 13551?
889
Calculate the remainder when 9152026 is divided by 2159.
25
What is the remainder when 74789 is divided by 14736?
1109
Calculate the remainder when 41497 is divided by 1939.
778
What is the remainder when 5132396 is divided by 1949?
679
What is the remainder when 526445 is divided by 376?
45
Calculate the remainder when 7972402 is divided by 339.
139
What is the remainder when 968282 is divided by 7?
0
Calculate the remainder when 12239236 is divided by 4079711.
103
What is the remainder when 1635788 is divided by 817849?
90
Calculate the remainder when 64597 is divided by 1386.
841
Calculate the remainder when 169280 is divided by 12934.
1138
What is the remainder when 333679 is divided by 333670?
9
What is the remainder when 6562426 is divided by 9928?
18
What is the remainder when 855886 is divided by 10695?
286
What is the remainder when 2224222 is divided by 789?
31
What is the remainder when 1434077 is divided by 238994?
113
Calculate the remainder when 36068935 is divided by 158197.
19
Calculate the remainder when 3741478 is divided by 70.
48
Calculate the remainder when 26789945 is divided by 258.
257
What is the remainder when 37473986 is divided by 505?
461
Calculate the remainder when 30300 is divided by 554.
384
What is the remainder when 283798 is divided by 14936?
14
Calculate the remainder when 976481 is divided by 73.
33
What is the remainder when 139123 is divided by 537?
40
What is the remainder when 1048101 is divided by 10481?
1
Calculate the remainder when 494567 is divided by 2485.
52
What is the remainder when 175601411 is divided by 9?
8
What is the remainder when 13922236 is divided by 2812?
24
Calculate the remainder when 15453 is divided by 96.
93
Calculate the remainder when 487347 is divided by 25.
22
What is the remainder when 404877 is divided by 364?
109
Calculate the remainder when 4386906 is divided by 1462302.
0
Calculate the remainder when 28563776 is divided by 18.
8
What is the remainder when 523743 is divided by 276?
171
Calculate the remainder when 16396 is divided by 1254.
94
Calculate the remainder when 341136 is divided by 48733.
5
Calculate the remainder when 173371907 is divided by 293.
291
Calculate the remainder when 2704155 is divided by 386307.
6
Calculate the remainder when 2117236 is divided by 4983.
4444
Calculate the remainder when 423775 is divided by 392.
23
Calculate the remainder when 55553566 is divided by 608.
606
Calculate the remainder when 15265 is divided by 12728.
2537
Calculate the remainder when 11597032 is divided by 2319406.
2
What is the remainder when 2616498 is divided by 3484?
14
What is the remainder when 61627 is divided by 521?
149
What is the remainder when 123487787 is divided by 2087?
2084
Calculate the remainder when 254962 is divided by 983.
365
What is the remainder when 10343564 is divided by 246275?
14
Calculate the remainder when 1198907 is divided by 77.
17
Calculate the remainder when 47510 is divided by 527.
80
What is the remainder when 5817 is divided by 2217?
1383
Calculate the remainder when 304833 is divided by 1044.
1029
What is the remainder when 647519134 is divided by 33?
31
What is the remainder when 2213532 is divided by 1916?
552
Calculate the remainder when 1957703 is divided by 1081.
12
What is the remainder when 21557658 is divided by 823?
819
Calculate the remainder when 53079567 is divided by 174.
171
Calculate the remainder when 2186290 is divided by 351.
262
What is the remainder when 95197637 is divided by 4228?
4217
What is the remainder when 8603366 is divided by 2657?
0
Calculate the remainder when 429882 is divided by 672.
474
Calculate the remainder when 1556986 is divided by 70772.
2
What is the remainder when 459083 is divided by 222?
209
Calculate the remainder when 7309303 is divided by 155517.
4
Calculate the remainder when 79371 is divided by 1444.
1395
What is the remainder when 67681 is divided by 22484?
229
What is the remainder when 322564 is divided by 3102?
3058
What is the remainder when 8557668 is divided by 394?
382
What is the remainder when 985644 is divided by 1186?
78
Calculate the remainder when 3121093 is divided by 44.
41
What is the remainder when 12182542 is divided by 72?
70
Calculate the remainder when 104122003 is divided by 303.
295
Calculate the remainder when 1293933 is divided by 3899.
3364
Calculate the remainder when 42115 is divided by 1879.
777
What is the remainder when 4913464 is divided by 20220?
4
Calculate the remainder when 1345515 is divided by 336376.
11
What is the remainder when 66073522 is divided by 22024506?
4
What is the remainder when 3658770 is divided by 2494?
72
What is the remainder when 86121 is divided by 5711?
456
What is the remainder when 1032751 is divided by 2501?
2339
Calculate the remainder when 3121560 is divided by 104052.
0
What is the remainder when 1226260 is divided by 10481?
10464
Calculate the remainder when 306452 is divided by 353.
48
What is the remainder when 106302 is divided by 686?
658
What is the remainder when 56798715 is divided by 352787?
8
Calculate the remainder when 1051972 is divided by 178.
170
Calculate the remainder when 44681091 is divided by 9.
6
Calculate the remainder when 78436 is divided by 7234.
6096
What is the remainder when 261484 is divided by 100?
84
What is the remainder when 4058645 is divided by 1014660?
5
Calculate the remainder when 71009775 is divided by 651.
648
Calculate the remainder when 14334 is divided by 374.
122
What is the remainder when 1651318 is divided by 206090?
2598
Calculate the remainder when 7164984 is divided by 1791242.
16
What is the remainder when 101751 is divided by 25340?
391
Calculate the remainder when 360531 is divided by 89908.
899
Calculate the remainder when 510074 is divided by 36040.
5514
Calculate the remainder when 93001739 is divided by 1603478.
1